{"id":35,"date":"2015-11-29T18:16:20","date_gmt":"2015-11-29T17:16:20","guid":{"rendered":"http:\/\/vfbpetterweil.de\/main\/?page_id=35"},"modified":"2023-06-02T14:04:59","modified_gmt":"2023-06-02T12:04:59","slug":"soma","status":"publish","type":"page","link":"https:\/\/vfbpetterweil.de\/main\/senioren\/soma\/","title":{"rendered":"SoMa"},"content":{"rendered":"<p><strong><span style=\"text-decoration: underline;\">Die SOMA des VfB Rot Weiss 1969 Petterweil e.V. sucht neue Mitglieder!<\/span><\/strong><br \/>\nLeider gibt es seit einiger Zeit keine SOMA mehr. Um wieder eine Mannschaft zu gr\u00fcnden und aufzubauen, brauchen wir Dich. Ein ausgewogenes Verh\u00e4ltnis von Training und Spiel f\u00f6rdert nicht nur die Fitness, sondern auch die Technik am Ball. Spa\u00df ist garantiert, denn Spa\u00df steht hier an erster Stelle. Nach dem Training ist stets ein gem\u00fctliches Beisammensein im Vereinsheim geplant.<br \/>\nTraining Mittwochs um 19:30 Uhr auf der Rasensportanlage Am Sportplatz 1 in Petterweil.<\/p>\n<p><strong><span style=\"text-decoration: underline;\">Folgende Ansprechpartner stehen Ihnen zur Verf\u00fcgung:<\/span><\/strong><br \/>\nMarcel Hartmann<\/p>\n<p><span style=\"text-decoration: underline;\"><strong>Trainingszeiten SOMA<\/strong><\/span><br \/>\nMittwochs\u00a019:30 Uhr bis 21 Uhr<\/p>\n","protected":false},"excerpt":{"rendered":"<p>Die SOMA des VfB Rot Weiss 1969 Petterweil e.V. sucht neue Mitglieder! Leider gibt es seit einiger Zeit keine SOMA mehr. Um wieder eine Mannschaft [&#8230;]<\/p>\n","protected":false},"author":1,"featured_media":0,"parent":29,"menu_order":2,"comment_status":"closed","ping_status":"closed","template":"templates\/template-sidebar-right-no-title.php","meta":{"footnotes":"","_links_to":"","_links_to_target":""},"_links":{"self":[{"href":"https:\/\/vfbpetterweil.de\/main\/wp-json\/wp\/v2\/pages\/35"}],"collection":[{"href":"https:\/\/vfbpetterweil.de\/main\/wp-json\/wp\/v2\/pages"}],"about":[{"href":"https:\/\/vfbpetterweil.de\/main\/wp-json\/wp\/v2\/types\/page"}],"author":[{"embeddable":true,"href":"https:\/\/vfbpetterweil.de\/main\/wp-json\/wp\/v2\/users\/1"}],"replies":[{"embeddable":true,"href":"https:\/\/vfbpetterweil.de\/main\/wp-json\/wp\/v2\/comments?post=35"}],"version-history":[{"count":9,"href":"https:\/\/vfbpetterweil.de\/main\/wp-json\/wp\/v2\/pages\/35\/revisions"}],"predecessor-version":[{"id":1672,"href":"https:\/\/vfbpetterweil.de\/main\/wp-json\/wp\/v2\/pages\/35\/revisions\/1672"}],"up":[{"embeddable":true,"href":"https:\/\/vfbpetterweil.de\/main\/wp-json\/wp\/v2\/pages\/29"}],"wp:attachment":[{"href":"https:\/\/vfbpetterweil.de\/main\/wp-json\/wp\/v2\/media?parent=35"}],"curies":[{"name":"wp","href":"https:\/\/api.w.org\/{rel}","templated":true}]}}