{"id":42,"date":"2015-11-29T18:20:00","date_gmt":"2015-11-29T17:20:00","guid":{"rendered":"http:\/\/vfbpetterweil.de\/main\/?page_id=42"},"modified":"2025-10-19T13:22:32","modified_gmt":"2025-10-19T11:22:32","slug":"mitgliedschaft","status":"publish","type":"page","link":"https:\/\/vfbpetterweil.de\/main\/mitgliedschaft\/","title":{"rendered":"Mitgliedschaft"},"content":{"rendered":"<p>Du m\u00f6chtest gerne Mitglied und ein Teil der Fu\u00dfball-Famile beim VfB Petterweil werden?<\/p>\n<p>Den Antrag (PDF-Format) runterladen, ausf\u00fcllen und an uns zur\u00fccksenden. Wir freuen uns auf dich!!!<\/p>\n<p><a href=\"https:\/\/vfbpetterweil.de\/main\/wp-content\/uploads\/2025\/10\/VfB_Petterweil_Mitgliedsantrag.pdf\">VfB_Petterweil_Mitgliedsantrag<\/a><\/p>\n<p>Fragen zur Antragstellung oder zur Mitgliedschaft allgemein k\u00f6nnen uns gerne \u00fcber das <strong><a href=\"http:\/\/vfbpetterweil.de\/main\/impressum\/\" target=\"_blank\" rel=\"noopener\">Kontaktformular<\/a><\/strong> erreichen.<\/p>\n<p>Alle bisherigen Meldungen zur Mitgliedschaft bzw. zu den Mitgliederversammlungen des Vereins, finden Sie <strong><a href=\"http:\/\/vfbpetterweil.de\/main\/category\/mitgliedschaft\/\">hier<\/a><\/strong>.<\/p>\n<p><a href=\"https:\/\/vfbpetterweil.de\/main\/wp-content\/uploads\/2024\/11\/VfB_Sportplatz.jpg\"><img decoding=\"async\" loading=\"lazy\" class=\"aligncenter wp-image-1840 size-full\" src=\"https:\/\/vfbpetterweil.de\/main\/wp-content\/uploads\/2024\/11\/VfB_Sportplatz.jpg\" alt=\"\" width=\"2397\" height=\"1472\" srcset=\"https:\/\/vfbpetterweil.de\/main\/wp-content\/uploads\/2024\/11\/VfB_Sportplatz.jpg 2397w, https:\/\/vfbpetterweil.de\/main\/wp-content\/uploads\/2024\/11\/VfB_Sportplatz-300x184.jpg 300w, https:\/\/vfbpetterweil.de\/main\/wp-content\/uploads\/2024\/11\/VfB_Sportplatz-1024x629.jpg 1024w, https:\/\/vfbpetterweil.de\/main\/wp-content\/uploads\/2024\/11\/VfB_Sportplatz-768x472.jpg 768w, https:\/\/vfbpetterweil.de\/main\/wp-content\/uploads\/2024\/11\/VfB_Sportplatz-1536x943.jpg 1536w, https:\/\/vfbpetterweil.de\/main\/wp-content\/uploads\/2024\/11\/VfB_Sportplatz-2048x1258.jpg 2048w, https:\/\/vfbpetterweil.de\/main\/wp-content\/uploads\/2024\/11\/VfB_Sportplatz-100x61.jpg 100w, https:\/\/vfbpetterweil.de\/main\/wp-content\/uploads\/2024\/11\/VfB_Sportplatz-50x31.jpg 50w, https:\/\/vfbpetterweil.de\/main\/wp-content\/uploads\/2024\/11\/VfB_Sportplatz-25x15.jpg 25w, https:\/\/vfbpetterweil.de\/main\/wp-content\/uploads\/2024\/11\/VfB_Sportplatz-1800x1105.jpg 1800w\" sizes=\"(max-width: 2397px) 100vw, 2397px\" \/><\/a><\/p>\n","protected":false},"excerpt":{"rendered":"<p>Du m\u00f6chtest gerne Mitglied und ein Teil der Fu\u00dfball-Famile beim VfB Petterweil werden? Den Antrag (PDF-Format) runterladen, ausf\u00fcllen und an uns zur\u00fccksenden. Wir freuen uns [&#8230;]<\/p>\n","protected":false},"author":1,"featured_media":0,"parent":0,"menu_order":3,"comment_status":"closed","ping_status":"closed","template":"","meta":{"footnotes":"","_links_to":"","_links_to_target":""},"_links":{"self":[{"href":"https:\/\/vfbpetterweil.de\/main\/wp-json\/wp\/v2\/pages\/42"}],"collection":[{"href":"https:\/\/vfbpetterweil.de\/main\/wp-json\/wp\/v2\/pages"}],"about":[{"href":"https:\/\/vfbpetterweil.de\/main\/wp-json\/wp\/v2\/types\/page"}],"author":[{"embeddable":true,"href":"https:\/\/vfbpetterweil.de\/main\/wp-json\/wp\/v2\/users\/1"}],"replies":[{"embeddable":true,"href":"https:\/\/vfbpetterweil.de\/main\/wp-json\/wp\/v2\/comments?post=42"}],"version-history":[{"count":17,"href":"https:\/\/vfbpetterweil.de\/main\/wp-json\/wp\/v2\/pages\/42\/revisions"}],"predecessor-version":[{"id":1896,"href":"https:\/\/vfbpetterweil.de\/main\/wp-json\/wp\/v2\/pages\/42\/revisions\/1896"}],"wp:attachment":[{"href":"https:\/\/vfbpetterweil.de\/main\/wp-json\/wp\/v2\/media?parent=42"}],"curies":[{"name":"wp","href":"https:\/\/api.w.org\/{rel}","templated":true}]}}